inder when 269 is divided by k(s)?
17
Suppose -2*u + 19 = -u. Let x = -166 + -24. Let r = 198 + x. Calculate the remainder when u is divided by r.
3
Suppose 3*b - 23 = -11. Let j(c) = c**3 + c**2 - c - 1. Let o be j(b). Suppose -o = -4*l + l. What is the remainder when l is divided by 13?
12
Let b = -653 + 260. Calculate the remainder when (58 + -53)*((-470)/(-25) + -8) is divided by 2/7 + b/(-21).
16
Calculate the remainder when 715 is divided by (-3)/(-21) - ((-4954)/(-4))/(238/(-68)).
7
Let f = -382 - -173. Let c be (-4)/(-14) + f/(-77). What is the remainder when c - (54*-4)/2 is divided by 16?
15
Let i(b) = 2*b**2 - 4696*b + 42310. Suppose -9*z + 4*z = -355. Calculate the remainder when i(9) is divided by z.
66
Let r(z) = z**2 + 10*z + 31. Suppose -71*h + 63*h - 72 = 0. Suppose -26 + 186 = 2*t. Calculate the remainder when t is divided by r(h).
14
What is the remainder when (-33)/6*696/(-22) + -6 is divided by 55?
3
Let n(w) = 62*w - 5528. Calculate the remainder when 2110 is divided by n(92).
174
Let m(v) = 8*v - 89. Let p be m(13). Calculate the remainder when 119 is divided by 5 - (-18)/p*5.
9
Let j be (-126)/(-36)*46/7. Suppose 0 = j*c + 132 - 201. What is the remainder when 46 is divided by c?
1
Let s(k) = 61*k + 6359. What is the remainder when 9063 is divided by s(-100)?
257
Calculate the remainder when (-2)/(-14) - 2264/(-28) is divided by ((-116)/(-10) + -3)/((-1)/(-5)).
38
Let l(k) = -k + 69. Let a = 23 + -13. Suppose -100 = -a*y + 5*y. Calculate the remainder when l(32) is divided by y.
17
Let t be -3 - (1 + -3) - -3. What is the remainder when 25*-1*t*-2 is divided by 1 + 2 + -4 + (98 - 80)?
15
Let w(f) = -106*f - 61. Let i be w(-3). Suppose -3*h - 134 + i = 0. What is the remainder when 80 is divided by h?
39
Let r = 179 + -185. What is the remainder when 52 is divided by ((-4)/r)/((-1)/(-27))?
16
Suppose -3*d - 2*y + 395 = 0, -5*y + 130 = d - 4*y. Suppose -7*b + 2*b = -d. What is the remainder when b is divided by (30/(-35))/(3/(-26 + 5))?
3
Let g(q) = -80 + 25*q + 121 - 91. What is the remainder when g(7) is divided by 23?
10
Suppose -4*p + 15263 = 9*c, c - 4*c = 3. What is the remainder when p is divided by 98?
94
What is the remainder when 10077 is divided by (2/3)/(1/(-3)*(-15)/270)?
33
Suppose 17*i - 65 = -14. Suppose -27 = -0*y - 3*y + i*p, -28 = -2*y - 3*p. Let x(b) = -b**2 + 10*b + 47. Calculate the remainder when 104 is divided by x(y).
32
Suppose -2*p = -3 - 3. Suppose a = p*o - 0 + 11, a - 25 = -4*o. Calculate the remainder when 844 - 757 - (-10)/12*-3*2 is divided by a.
14
Let n = -74867 + 74959. Let y = 37 + -21. What is the remainder when n is divided by y?
12
Let p(v) be the second derivative of 3*v**4/2 + v**3/3 - v. Let m = 832 + -834. What is the remainder when p(m) is divided by 14?
12
Let g = -223 - -240. Suppose 0 = -5*z + 1508 + g. Calculate the remainder when z is divided by 9.
8
Let h = 25232 - 21931. Calculate the remainder when h is divided by 98.
67
Let x(d) = 2*d**2 - 42*d - 170. What is the remainder when 3228 is divided by x(29)?
288
Suppose 5*a - 520 = 5*d - 0*d, 3*a - 311 = 2*d. Let p be 2/(-6) + 882/54. Suppose p = -75*o + 77*o. What is the remainder when a is divided by o?
7
Let x(j) = -j**2 - 27*j + 167. Calculate the remainder when x(0) is divided by 22.
13
Suppose -3*b + 2*n + 5791 = 0, -444*n + 439*n - 10 = 0. What is the remainder when b is divided by 274?
11
Suppose -61*f + 129*f - 19312 = 0. What is the remainder when f is divided by 125?
34
Let p(k) = -k**2 - 61*k - 834. What is the remainder when 6109 is divided by p(-32)?
93
Let k = 130 + -116. Let m(f) = 16*f - 336. Calculate the remainder when m(27) is divided by k.
12
Let z = 1496 + -1472. What is the remainder when 840/9 - 2/6 is divided by z?
21
Let x be 3/3*(-110 + 1). Let b = 118 + x. Calculate the remainder when 14 is divided by b.
5
Let k(y) = -y**2 - y + 1. Let b be k(0). Let u be b/((-1)/(-19) + 0). Let o = u - 8. What is the remainder when o is divided by 8?
3
Let f = 744 + 331. What is the remainder when f is divided by 180?
175
Calculate the remainder when -3 + 0 + -1 + -187 + 894 is divided by 47.
45
What is the remainder when 377 is divided by 121 - (56/(-26) + 6 - (-2)/13)?
26
Let w(y) = 75*y**2 + 4*y + 4. Suppose -82 - 800 = -3*g. Calculate the remainder when g is divided by w(-1).
69
Suppose -9*v = -53 - 82. Suppose -v*u = -22*u + 140. Suppose 0 = -4*z + 47 + 1. What is the remainder when u is divided by z?
8
Let j = 19717 - 19693. What is the remainder when 459 is divided by j?
3
Let p = 44 + 82. Let y = 158 - p. What is the remainder when y is divided by 17?
15
Calculate the remainder when 1 - 8 - ((-15)/(-6))/((-3)/762) is divided by 53.
45
Let w = -31297 - -33355. Calculate the remainder when w is divided by 9.
6
Suppose -33*b + 77 - 902 = 0. Suppose -s + 12 = s. Let a = s - b. What is the remainder when a is divided by 11?
9
Let v(b) = -b**3 - 29*b**2 - 27*b + 52. Let f be v(-28). Suppose 18*n - f*n = -132. Calculate the remainder when 63 is divided by n.
19
Let h be -5 - -2 - (-4 + 18 + -3). Let x = 0 + 35. What is the remainder when h + 14 + (-204)/(-2) is divided by x?
32
Let n = -849 + 532. Let b = n + 361. Calculate the remainder when 75 is divided by b.
31
Let o be 8*-2*(-21)/12. Suppose i - 4 = o. Let d = 38 - i. Calculate the remainder when d is divided by 4.
2
Let s = -167 + 263. Suppose f - 2*d - 20 = 25, 0 = f - 5*d - 51. Calculate the remainder when s is divided by f.
14
Suppose -c + 217 = -162. What is the remainder when c/2 + (-33)/(-22) is divided by 65?
61
Let i(f) = f**2 + 93*f - 751. What is the remainder when 196 is divided by i(-101)?
25
What is the remainder when 187 is divided by (-197 - -198) + (-85)/(-1)?
15
Calculate the remainder when (2/(-6))/((9 - 6)/54) + 137 is divided by 88.
43
Let j(z) = -11*z**2 - 10*z + 17. Let r be j(4). Let k = -193 - r. Calculate the remainder when 82 is divided by k.
4
Let w(y) = 58*y - 1. Let d be w(2). Let j = d + -86. Let t = -7 + j. Calculate the remainder when 37 is divided by t.
15
Suppose -2*v + 169 = -3*l, 3*v - 5*l - 109 = 143. Let h = 98 - v. Calculate the remainder when 77 is divided by h.
5
Suppose -76*l + 4*d - 1912 = -78*l, l - d = 935. Calculate the remainder when l is divided by 3.
0
Let n(s) = -3*s**3 + 64*s**2 + 5*s + 4*s**3 - 77*s**2. Let p(t) = 48*t**2 - t + 1. Calculate the remainder when p(2) is divided by n(13).
61
Let q(s) = -78 - 78 + 160 - 6*s. Let y be q(6). Calculate the remainder when (y/(-24))/(2/177) is divided by 24.
22
Let n = -3114 - -3277. Calculate the remainder when n is divided by 34.
27
Let f be -1 + 9 - 3 - 8. Let b(q) = 4*q**2 + 6*q + 8. Calculate the remainder when b(f) is divided by 16.
10
Suppose 29*t = -141*t + 1530. Calculate the remainder when 1930 is divided by t.
4
Let c(b) = 2*b**3 + 4*b**2 - 11*b - 3. Let z be c(-6). Let l = 288 + z. What is the remainder when l is divided by 8?
7
Let m(c) = c**2 + 13*c + 40. Let b be m(-8). Suppose b = -3*j + 15, 0 = -2*d + 2*j + 116 - 28. What is the remainder when 1174 is divided by d?
47
Suppose 0 = -396*u + 401*u - 40. Suppose 0 = -4*f - 8, 7*f - 106 = -4*d + 6*f. What is the remainder when d is divided by u?
3
Let i(n) = -n**3 + 37*n**2 - 113*n - 20. What is the remainder when i(33) is divided by 208?
191
Suppose -11*v + 250 = 65 - 585. Calculate the remainder when v is divided by 45.
25
Suppose -k - j + 9 = 0, -4*k - 3*j + 36 = 2*j. Let q(w) = -5*w + 69. Calculate the remainder when 63 is divided by q(k).
15
Let h = 12267 + -12203. What is the remainder when 2174 is divided by h?
62
Suppose -113*a + 38299 - 15436 = -40643. What is the remainder when a is divided by 74?
44
Suppose 0 = 2*y - 7*y + 490. What is the remainder when 201 is divided by y?
5
Let s be ((-2303)/147)/(2/12). Let f = s - -148. Calculate the remainder when f is divided by 8.
6
Let m = -19 - 210. Let q = 245 + m. What is the remainder when 525 is divided by q?
13
Let n(b) = -5*b + 98. Let j be n(16). Suppose 250 = j*s - 2. Suppose -p + 38 = -0*d + d, 3*d = -p + 38. Calculate the remainder when p is divided by s.
10
Let m = -234 - -439. What is the remainder when m is divided by ((-104)/5)/((-114)/285)?
49
Let a(v) = -16*v + 437. Calculate the remainder when a(-7) is divided by 142.
123
Let 